se 13, what is -31b5 - 28?
-3210
In base 10, what is 802248 - 2?
802246
In base 12, what is -21 + 621?
600
In base 12, what is 2 - -93094?
93096
In base 6, what is -13 - 331031?
-331044
In base 3, what is -20111202010 - 11?
-20111202021
In base 4, what is 3223130 - 122?
3223002
In base 7, what is -243 + 42544?
42301
In base 16, what is 218 + -96?
182
In base 3, what is -11120 + -21121021?
-21202211
In base 3, what is 20022121102 - -11?
20022121120
In base 3, what is -2 + -1020212?
-1020221
In base 8, what is -702 - 44?
-746
In base 9, what is -6 - -1385?
1378
In base 9, what is -724010 + 4?
-724005
In base 6, what is -5 - -4250223?
4250214
In base 9, what is 414 + -430?
-15
In base 16, what is 5e3f8 + -9?
5e3ef
In base 4, what is -123 + -11113?
-11302
In base 13, what is 344 + b?
352
In base 8, what is -461 - 6606?
-7267
In base 16, what is 46 - b59?
-b13
In base 8, what is -1122361 - -4?
-1122355
In base 9, what is -228 + -11600?
-11828
In base 6, what is -4 - -103101?
103053
In base 14, what is 3b94 + -1?
3b93
In base 4, what is -10 - 23131212?
-23131222
In base 9, what is 20028514 + -2?
20028512
In base 11, what is 870911 + 3?
870914
In base 7, what is -2126643 - -13?
-2126630
In base 15, what is 3b - -229?
265
In base 16, what is -192d - 8e?
-19bb
In base 6, what is 1001214 - -10?
1001224
In base 15, what is 0 - -d59?
d59
In base 10, what is -135 + -87?
-222
In base 11, what is -57922 + -1?
-57923
In base 5, what is 221032 - -3?
221040
In base 13, what is -1 - -4b571?
4b570
In base 4, what is 0 + 12311211?
12311211
In base 11, what is -6a856 - 14?
-6a86a
In base 2, what is 111001 + 101100?
1100101
In base 9, what is 347 + 151?
508
In base 12, what is -4 + -84a4?
-84a8
In base 3, what is -1120122111 - -12?
-1120122022
In base 6, what is 1505 - 334?
1131
In base 16, what is 1d6f08 - 0?
1d6f08
In base 2, what is -1010010111100 - 1101110?
-1010100101010
In base 9, what is 61748 + -5?
61743
In base 13, what is 5 - 4b7bc?
-4b7b7
In base 2, what is -111010000111 - -111?
-111010000000
In base 15, what is -5 + 7aa?
7a5
In base 8, what is 222643 - 0?
222643
In base 10, what is 7 + 17904?
17911
In base 4, what is 30 - -130130?
130220
In base 15, what is eb - -33?
12e
In base 3, what is 2010002102 - 2?
2010002100
In base 11, what is a55 - -53?
aa8
In base 8, what is 2 - 2622276?
-2622274
In base 13, what is -104c0 - 21?
-10511
In base 13, what is 1 - -2c43?
2c44
In base 8, what is 4 + 363335?
363341
In base 7, what is -54 - 1040151?
-1040235
In base 5, what is -20111 + -22?
-20133
In base 11, what is 0 - 7264?
-7264
In base 10, what is -345 - 50?
-395
In base 4, what is -1211010123 - 12?
-1211010201
In base 2, what is 101 + 100011111001001110?
100011111001010011
In base 4, what is -322023310 + 10?
-322023300
In base 13, what is -4 - 16c7?
-16cb
In base 11, what is -34988 + 5?
-34983
In base 8, what is -5 + 14745?
14740
In base 3, what is 20122012012102 + 2?
20122012012111
In base 7, what is 11442 + -1036?
10403
In base 16, what is 1fa09 - -6?
1fa0f
In base 12, what is a7995 + 5?
a799a
In base 3, what is 12 + 10010220102?
10010220121
In base 8, what is 10 + -20054?
-20044
In base 7, what is 5002440 - 0?
5002440
In base 11, what is 1850 + -1?
184a
In base 14, what is 2193b - 11?
2192a
In base 14, what is -4 + -c1d99?
-c1d9d
In base 11, what is 1 + -5a9a?
-5a99
In base 5, what is -41142 - 101?
-41243
In base 12, what is -11 - 70388?
-70399
In base 15, what is -1545 - 77?
-15bc
In base 13, what is -8c - -218a?
20cb
In base 12, what is 4 - -539b?
53a3
In base 10, what is 3 + -8290?
-8287
In base 13, what is 284c - -3?
2852
In base 7, what is 436623 + 5?
436631
In base 10, what is 18 + -222689?
-222671
In base 6, what is 342441 - -431?
343312
In base 3, what is 11102111 - -121?
11110002
In base 10, what is -1101 - -107?
-994
In base 14, what is -13d2 - -a?
-13c6
In base 4, what is 0 + 122331311?
122331311
In base 13, what is -15ca4 - -5?
-15c9c
In base 12, what is 1 + 37198?
37199
In base 8, what is 73 + -41616?
-41523
In base 14, what is -1d3 + 33?
-1a0
In base 10, what is 11 - -1488?
1499
In base 2, what is 1001110010000 + -101101001?
1001000100111
In base 7, what is 2 + 20464?
20466
In base 13, what is 767 - 11a?
64a
In base 2, what is -1101101 - -1001001?
-100100
In base 9, what is 1146 - -73?
1230
In base 10, what is 122871 + 6?
122877
In base 13, what is 13596 - -5?
1359b
In base 3, what is 100 - -2121211102?
2121211202
In base 8, what is -2 + 150?
146
In base 9, what is 124126 - 16?
124110
In base 5, what is 3101 - -104?
3210
In base 14, what is -9 - -2c28?
2c1d
In base 7, what is 5300 - -2?
5302
In base 8, what is 1 - 11367?
-11366
In base 5, what is 1211 - 130?
1031
In base 12, what is 4767 - 5?
4762
In base 5, what is 103403 - 2?
103401
In base 12, what is -a97 + -2a?
-b05
In base 8, what is -177346 - -32?
-177314
In base 8, what is 214403 - 1?
214402
In base 14, what is 10 - 773?
-763
In base 3, what is 10 + 1121111212?
1121111222
In base 6, what is 42105 - 1130?
40535
In base 5, what is 1224041341 + -10?
1224041331
In base 10, what is -2978 - -36?
-2942
In base 14, what is 5 - -459d9?
45a00
In base 7, what is 10 - 41626?
-41616
In base 12, what is 20b43 - -4?
20b47
In base 9, what is -8 + 13708?
13700
In base 2, what is 11110110101 + 1100100?
100000011001
In base 8, what is -435 - 2157?
-2614
In base 12, what is -1 + 4b339?
4b338
In base 9, what is 350 + 233?
583
In base 15, what is 5 - 27b31?
-27b2b
In base 13, what is -5 + -6422?
-6427
In base 14, what is -c7 - -74?
-53
In base 14, what is -a3a - 13a?
-b76
In base 11, what is -6aaa57 - 4?
-6aaa60
In base 2, what is 0 - -100010111001?
100010111001
In base 12, what is 300 + 2?
302
In base 6, what is 1050520 + 5?
1050525
In base 11, what is 3 - -225109?
225111
In base 7, what is 2 - 13145?
-13143
In base 7, what is 5 + 35440?
35445
In base 2, what is 101111010110110 - 10110?
101111010100000
In base 16, what is 6017 + 55?
606c
In base 12, what is -4 - -46764?
46760
In base 15, what is -76e + -330?
-a9e
In base 9, what is 0 + 46620?
46620
In base 14, what is 25b9 - -5?
25c0
In base 10, what is -5425 - -8?
-5417
In base 8, what is 73 - -1410?
1503
In base 14, what is -2 - -92a36?
92a34
In base 4, what is -1212002321 + -11?
-1212002332
In base 16, what is -9e + -14c?
-1ea
In base 3, what is -2112101 - 1011?
-2120112
In base 4, what is 22 + 30103003?
30103031
In base 4, what is -203213 - -1?
-203212
In base 14, what is -2 + 1bb9?
1bb7
In base 5, what is -1430 - -42322?
40342
In base 2, what is 11110010000111000011 - 11?
11110010000111000000
In base 6, what is 10503533 + -13?
10503520
In base 16, what is -26 + -35c7?
-35ed
In base 5, what is 401 - 2143?
-1242
In base 11, what is -552 - 924?
-1376
In base 13, what is 3b768 + -5?
3b763
In base 13, what is -1a08b + -5?
-1a093
In base 16, what is -12 - 7700?
-7712
In base 2, what is 11001 + 1001110101?
1010001110
In base 6, what is 4 - 12240535?
-12240531
In base 8, what is 667316 - -5?
667323
In base 5, what is -3421 - -1?
-3420
In base 4, what is -11 + -113213312?
-113213323
In base 16, what is -2c + 6b9e?
6b72
In base 2, what is 100 + -111110111111000001?
-111110111110111101
In base 7, what is -6 - 2220210?
-2220216
In base 12, what is -1 - 19239?
-1923a
In base 9, what is -24454 - 6?
-24461
In base 13, what is -2 + -285a?
-285c
In base 8, what is 263623 - 6?
263615
In base 7, what is -2456 - 10?
-2466
In base 16, what is 2f9ac + 2?
2f9ae
In base 8, what is 4643 - -21?
4664
In base 15, what is d1 + 39?
11a
In base 14, what is -4 - bc93?
-bc97
In base 9, what is 478872 - -4?
478876
In base 5, what is 133 + 33212?
33400
In base 12, what is -16965 + 70?
-168b5
In base 6, what is 34501 + 1021?
35522
In base 2, what is -1001000010000001101 + 11?
-1001000010000001010
In base 14, what is -a21 + -4?
-a25
In base 3, what is 20012 - -2101021?
2121110
In base 5, what is 4421211 + 13?
4421224
In base 14, what is -5 - -b9c?
b97
In base 12, what is -1a8 - 96b?
-b57
In base 14, what is -4417d + 4?
-44179
In base 10, what is 148 + -188?
-40
In base 6, what is -3042 + -2210?
-5252
In base 15, what is b + 157b2?
157bd
In base 16, what is -e815b - 0?
-e815b
In base 15, what is -1053c - 0?
-1053c
In base 11, what is 71173 + -5?
71169
In base 14, what is 378d2 + 4?
378